{"id":40594,"date":"2024-07-13T19:24:35","date_gmt":"2024-07-13T16:24:35","guid":{"rendered":"https:\/\/www.jasimabed.com\/?page_id=40594"},"modified":"2024-07-16T17:39:27","modified_gmt":"2024-07-16T14:39:27","slug":"adim-adim-turkce-ogrenme-ve-ogretme-birinci-adim-okuma-ve-yazma-2","status":"publish","type":"page","link":"https:\/\/www.jasimabed.com\/?page_id=40594&lang=tr","title":{"rendered":"Ad\u0131m Ad\u0131m T\u00fcrk\u00e7e \u00d6\u011frenme ve \u00d6\u011fretme: Birinci Ad\u0131m: Okuma ve yazma"},"content":{"rendered":"\n\n","protected":false},"excerpt":{"rendered":"<div class=\"mh-excerpt\"><\/div>","protected":false},"author":1,"featured_media":40375,"parent":0,"menu_order":0,"comment_status":"closed","ping_status":"closed","template":"","meta":{"footnotes":""},"class_list":["post-40594","page","type-page","status-publish","has-post-thumbnail","hentry"],"_links":{"self":[{"href":"https:\/\/www.jasimabed.com\/index.php?rest_route=\/wp\/v2\/pages\/40594","targetHints":{"allow":["GET"]}}],"collection":[{"href":"https:\/\/www.jasimabed.com\/index.php?rest_route=\/wp\/v2\/pages"}],"about":[{"href":"https:\/\/www.jasimabed.com\/index.php?rest_route=\/wp\/v2\/types\/page"}],"author":[{"embeddable":true,"href":"https:\/\/www.jasimabed.com\/index.php?rest_route=\/wp\/v2\/users\/1"}],"replies":[{"embeddable":true,"href":"https:\/\/www.jasimabed.com\/index.php?rest_route=%2Fwp%2Fv2%2Fcomments&post=40594"}],"version-history":[{"count":6,"href":"https:\/\/www.jasimabed.com\/index.php?rest_route=\/wp\/v2\/pages\/40594\/revisions"}],"predecessor-version":[{"id":40807,"href":"https:\/\/www.jasimabed.com\/index.php?rest_route=\/wp\/v2\/pages\/40594\/revisions\/40807"}],"wp:featuredmedia":[{"embeddable":true,"href":"https:\/\/www.jasimabed.com\/index.php?rest_route=\/wp\/v2\/media\/40375"}],"wp:attachment":[{"href":"https:\/\/www.jasimabed.com\/index.php?rest_route=%2Fwp%2Fv2%2Fmedia&parent=40594"}],"curies":[{"name":"wp","href":"https:\/\/api.w.org\/{rel}","templated":true}]}}