{"id":40639,"date":"2024-07-13T22:29:58","date_gmt":"2024-07-13T19:29:58","guid":{"rendered":"https:\/\/www.jasimabed.com\/?page_id=40639"},"modified":"2024-07-13T22:32:36","modified_gmt":"2024-07-13T19:32:36","slug":"brief-summary-of-tenses-in-turkish","status":"publish","type":"page","link":"https:\/\/www.jasimabed.com\/?page_id=40639&lang=tr","title":{"rendered":"T\u00fcrk\u00e7ede Zamanlar\u0131n K\u0131saca \u00d6zeti"},"content":{"rendered":"","protected":false},"excerpt":{"rendered":"<div class=\"mh-excerpt\"><\/div>","protected":false},"author":1,"featured_media":0,"parent":0,"menu_order":0,"comment_status":"closed","ping_status":"closed","template":"","meta":{"footnotes":""},"class_list":["post-40639","page","type-page","status-publish","hentry"],"_links":{"self":[{"href":"https:\/\/www.jasimabed.com\/index.php?rest_route=\/wp\/v2\/pages\/40639","targetHints":{"allow":["GET"]}}],"collection":[{"href":"https:\/\/www.jasimabed.com\/index.php?rest_route=\/wp\/v2\/pages"}],"about":[{"href":"https:\/\/www.jasimabed.com\/index.php?rest_route=\/wp\/v2\/types\/page"}],"author":[{"embeddable":true,"href":"https:\/\/www.jasimabed.com\/index.php?rest_route=\/wp\/v2\/users\/1"}],"replies":[{"embeddable":true,"href":"https:\/\/www.jasimabed.com\/index.php?rest_route=%2Fwp%2Fv2%2Fcomments&post=40639"}],"version-history":[{"count":2,"href":"https:\/\/www.jasimabed.com\/index.php?rest_route=\/wp\/v2\/pages\/40639\/revisions"}],"predecessor-version":[{"id":40641,"href":"https:\/\/www.jasimabed.com\/index.php?rest_route=\/wp\/v2\/pages\/40639\/revisions\/40641"}],"wp:attachment":[{"href":"https:\/\/www.jasimabed.com\/index.php?rest_route=%2Fwp%2Fv2%2Fmedia&parent=40639"}],"curies":[{"name":"wp","href":"https:\/\/api.w.org\/{rel}","templated":true}]}}