{"id":41008,"date":"2024-10-23T15:35:27","date_gmt":"2024-10-23T12:35:27","guid":{"rendered":"https:\/\/www.jasimabed.com\/?page_id=41008"},"modified":"2024-10-23T20:47:29","modified_gmt":"2024-10-23T17:47:29","slug":"islami-anlamak-icin-kisa-bir-resimli-kilavuz","status":"publish","type":"page","link":"https:\/\/www.jasimabed.com\/?page_id=41008&lang=tr","title":{"rendered":"\u0130slam&#8217;\u0131 Anlamak \u0130\u00e7in K\u0131sa Bir Resimli K\u0131lavuz"},"content":{"rendered":"<div class=\"wp-block-image\">\n<figure class=\"aligncenter size-large\"><img decoding=\"async\" src=\"https:\/\/fg.jasimabed.net\/?gurl=https:\/\/archive.org\/download\/multi_lang_lib\/202410220002_tr_brief-illustrated-islam.png\" alt=\"\"\/><\/figure><\/div>\n\n\n\n","protected":false},"excerpt":{"rendered":"<div class=\"mh-excerpt\"><\/div>","protected":false},"author":1,"featured_media":41003,"parent":0,"menu_order":0,"comment_status":"closed","ping_status":"closed","template":"","meta":{"footnotes":""},"class_list":["post-41008","page","type-page","status-publish","has-post-thumbnail","hentry"],"_links":{"self":[{"href":"https:\/\/www.jasimabed.com\/index.php?rest_route=\/wp\/v2\/pages\/41008","targetHints":{"allow":["GET"]}}],"collection":[{"href":"https:\/\/www.jasimabed.com\/index.php?rest_route=\/wp\/v2\/pages"}],"about":[{"href":"https:\/\/www.jasimabed.com\/index.php?rest_route=\/wp\/v2\/types\/page"}],"author":[{"embeddable":true,"href":"https:\/\/www.jasimabed.com\/index.php?rest_route=\/wp\/v2\/users\/1"}],"replies":[{"embeddable":true,"href":"https:\/\/www.jasimabed.com\/index.php?rest_route=%2Fwp%2Fv2%2Fcomments&post=41008"}],"version-history":[{"count":4,"href":"https:\/\/www.jasimabed.com\/index.php?rest_route=\/wp\/v2\/pages\/41008\/revisions"}],"predecessor-version":[{"id":41013,"href":"https:\/\/www.jasimabed.com\/index.php?rest_route=\/wp\/v2\/pages\/41008\/revisions\/41013"}],"wp:featuredmedia":[{"embeddable":true,"href":"https:\/\/www.jasimabed.com\/index.php?rest_route=\/wp\/v2\/media\/41003"}],"wp:attachment":[{"href":"https:\/\/www.jasimabed.com\/index.php?rest_route=%2Fwp%2Fv2%2Fmedia&parent=41008"}],"curies":[{"name":"wp","href":"https:\/\/api.w.org\/{rel}","templated":true}]}}