{"id":41097,"date":"2024-11-07T16:41:19","date_gmt":"2024-11-07T13:41:19","guid":{"rendered":"https:\/\/www.jasimabed.com\/?page_id=41097"},"modified":"2024-11-07T21:53:48","modified_gmt":"2024-11-07T18:53:48","slug":"ben-muslumanim","status":"publish","type":"page","link":"https:\/\/www.jasimabed.com\/?page_id=41097&lang=tr","title":{"rendered":"Ben M\u00fcsl\u00fcman\u0131m"},"content":{"rendered":"\n\n\n<p class=\"has-text-align-center\">Elektronik \u0130slam Ansiklopedisi<\/p>\n\n\n\n<p class=\"has-text-align-center\"><a href=\"https:\/\/byenah.com\/tr\">https:\/\/byenah.com\/tr<\/a><\/p>\n","protected":false},"excerpt":{"rendered":"<div class=\"mh-excerpt\"><p>Elektronik \u0130slam Ansiklopedisi https:\/\/byenah.com\/tr<\/p>\n<\/div>","protected":false},"author":1,"featured_media":41094,"parent":0,"menu_order":0,"comment_status":"closed","ping_status":"closed","template":"","meta":{"footnotes":""},"class_list":["post-41097","page","type-page","status-publish","has-post-thumbnail","hentry"],"_links":{"self":[{"href":"https:\/\/www.jasimabed.com\/index.php?rest_route=\/wp\/v2\/pages\/41097","targetHints":{"allow":["GET"]}}],"collection":[{"href":"https:\/\/www.jasimabed.com\/index.php?rest_route=\/wp\/v2\/pages"}],"about":[{"href":"https:\/\/www.jasimabed.com\/index.php?rest_route=\/wp\/v2\/types\/page"}],"author":[{"embeddable":true,"href":"https:\/\/www.jasimabed.com\/index.php?rest_route=\/wp\/v2\/users\/1"}],"replies":[{"embeddable":true,"href":"https:\/\/www.jasimabed.com\/index.php?rest_route=%2Fwp%2Fv2%2Fcomments&post=41097"}],"version-history":[{"count":4,"href":"https:\/\/www.jasimabed.com\/index.php?rest_route=\/wp\/v2\/pages\/41097\/revisions"}],"predecessor-version":[{"id":41110,"href":"https:\/\/www.jasimabed.com\/index.php?rest_route=\/wp\/v2\/pages\/41097\/revisions\/41110"}],"wp:featuredmedia":[{"embeddable":true,"href":"https:\/\/www.jasimabed.com\/index.php?rest_route=\/wp\/v2\/media\/41094"}],"wp:attachment":[{"href":"https:\/\/www.jasimabed.com\/index.php?rest_route=%2Fwp%2Fv2%2Fmedia&parent=41097"}],"curies":[{"name":"wp","href":"https:\/\/api.w.org\/{rel}","templated":true}]}}